.
7
Let s(w) = -21*w**3 - 2*w**2 + 2*w - 1. What is s(1)?
-22
Let u(v) = 6*v**2 - 13*v + 12. Calculate u(3).
27
Let m(j) = -j**3 + j - 4. Give m(3).
-28
Let c(w) = -4*w - 16. Determine c(11).
-60
Let b(c) = 9*c - 3. Give b(-2).
-21
Let w(j) = j**3 - 4*j**2 - 5*j + 7. Calculate w(5).
7
Let u(c) = -c**3 - 4*c**2 - 2*c - 22. Determine u(-6).
62
Let m(z) = 4*z. What is m(-3)?
-12
Let b(u) = -u**3 + 11*u**2 + u + 1. Determine b(11).
12
Let t(c) = c + 22. Determine t(-16).
6
Let g(r) = 21*r - 23. Determine g(-6).
-149
Let j(w) = -6*w + 9. Calculate j(0).
9
Let l(a) = -34*a**2 + 203*a + 10. Determine l(6).
4
Let k(q) = q**3 + 2*q**2 - 2*q + 10. Determine k(-3).
7
Let d(k) = -2*k**2 + 29*k + 6. What is d(15)?
-9
Let g(i) = -i**3 - i - 5. Calculate g(4).
-73
Let o(l) = -19*l - 39. Give o(-2).
-1
Let z(m) = -19*m + 9. Give z(5).
-86
Let t(h) = 7*h - 34. Calculate t(20).
106
Let w(h) = 48*h - 13. Determine w(2).
83
Let b(s) = 3*s + 26. Give b(-9).
-1
Let k(y) = -y**2 - 16*y - 4. Give k(-14).
24
Let i(v) = -22*v**2 + 8. Determine i(0).
8
Let s(a) = -a**2 - 1. Determine s(4).
-17
Let b(r) = -r**2 - 8*r - 15. Determine b(-4).
1
Let x(k) = -k**3 - 19*k**2 - 35*k - 15. Determine x(-17).
2
Let j(s) = -2*s**3 - 22*s**2 + 2*s - 7. Give j(-11).
-29
Let j(y) = y**3 + 11*y**2 + 26*y - 8. Determine j(-6).
16
Let q(d) = d**2 + 6*d - 27. Determine q(-9).
0
Let k(j) = -6*j + 9. Determine k(2).
-3
Let w(u) = 2*u**2 - 3*u + 3. Calculate w(3).
12
Let x(t) = t**2 - 4*t - 18. Calculate x(6).
-6
Let y(z) = -z**3 + z**2 + 9*z + 5. What is y(-3)?
14
Let m(q) = q - 24. Determine m(13).
-11
Let l(p) = -p**2 + 7*p. Calculate l(11).
-44
Let q(p) = p**3 - 8*p**2 + 6*p - 10. Give q(7).
-17
Let t(u) = u**2 - 10*u + 5. Determine t(8).
-11
Let q(o) = -11*o**3 - o**2 - 1. Give q(-1).
9
Let j(o) = -68*o - 675. What is j(-10)?
5
Let o(n) = -2*n**3 - 19*n**2 + 10*n + 6. What is o(-10)?
6
Let o(j) = 4*j + 79. What is o(-20)?
-1
Let m(g) = -g**3 + 4*g**2 - 5*g + 5. Determine m(4).
-15
Let w(f) = -f**3 - 28*f**2 - 24*f + 25. Calculate w(-27).
-56
Let s(y) = -y**3 + 4*y**2 + 10*y + 7. Give s(-2).
11
Let h(t) = -t**2 + 21*t - 88. Determine h(16).
-8
Let l(a) = a**3 - 4*a**2 - 11*a - 22. Give l(6).
-16
Let a(p) = -4*p + 7. Determine a(6).
-17
Let u(t) = t**3 + 6*t**2 - t + 4. What is u(-6)?
10
Let r(g) = g**2 + 47*g + 530. Determine r(-29).
8
Let x(h) = h**3 + h + 85. What is x(0)?
85
Let t(s) = s**2 - 7*s - 8. Calculate t(6).
-14
Let c(x) = x**2 + 12*x - 10. What is c(-11)?
-21
Let x(i) = -i**3 + 3*i**2 + 9*i + 11. Give x(5).
6
Let h(x) = -2*x**3 - 14*x**2 - 25*x - 7. Determine h(-3).
-4
Let b(n) = -n**3 + 14*n**2 - 25*n + 12. Give b(12).
0
Let z(f) = 5*f**3 + f**2 - 2*f - 2. Calculate z(-1).
-4
Let p(b) = b**3 - 8*b**2 + 12*b - 6. What is p(6)?
-6
Let p(g) = 5*g. Give p(-1).
-5
Let i(t) = -t**3 + 3*t**2 + 10*t + 2. What is i(5)?
2
Let y(p) = 3*p**2 - p. Give y(1).
2
Let n(x) = 2*x**2 - 15*x + 3. Calculate n(-3).
66
Let z(q) = -q**3 + 13*q**2 - 42*q + 42. Give z(9).
-12
Let l(n) = 7*n - 2. Calculate l(-1).
-9
Let k(p) = -p**2 + 7*p + 14. Give k(9).
-4
Let t(v) = -19*v**3 + v**2 - 3*v + 2. What is t(1)?
-19
Let j(p) = -2*p - 6. Give j(-9).
12
Let t(n) = -35*n - 109. Calculate t(-3).
-4
Let r(p) = -4*p**2 + 3*p + 2. Give r(-2).
-20
Let s(n) = -n**3 + 9*n**2 - 13*n + 2. What is s(4)?
30
Let w(y) = -y**3 + 5*y**2 + 4*y + 3. Determine w(5).
23
Let h(s) = s**3 - 5*s**2 + s + 9. Calculate h(5).
14
Let b(n) = 3*n**2 - 5*n - 10. What is b(-2)?
12
Let v(o) = -o**2 - 17*o. Calculate v(-17).
0
Let j(w) = w**3 - 8*w**2 - 9*w + 9. What is j(9)?
9
Let n(b) = b**2 + 38*b + 206. What is n(-32)?
14
Let b(s) = -36*s + 20. What is b(0)?
20
Let r(d) = d**3 - 3*d**2 - 6*d - 5. Calculate r(5).
15
Let m(k) = k**2 + 12*k + 8. What is m(-9)?
-19
Let n(f) = -3*f**2 - 24*f - 21. What is n(-7)?
0
Let n(o) = -2*o**2 + 4*o + 3. Give n(-1).
-3
Let j(h) = -2*h + 4. What is j(-4)?
12
Let g(f) = -4*f - 18. Give g(-4).
-2
Let r(n) = -n**2 - 7*n + 10. Calculate r(-8).
2
Let u(s) = -s**2 - 7*s + 7. Give u(-10).
-23
Let i(j) = j**3 - j**2 + 4*j + 2. Give i(2).
14
Let m(x) = -2*x + 14. Determine m(-12).
38
Let s(a) = a**3 + 6*a**2 + 9*a + 13. Determine s(-6).
-41
Let s(k) = -k**3 + 12*k**2 - 21*k - 4. Give s(10).
-14
Let m(f) = 73*f - 4. What is m(2)?
142
Let d(y) = -y**3 + 8*y**2 - 2*y + 6. Determine d(8).
-10
Let z(s) = 13*s + 11. Determine z(-2).
-15
Let z(f) = 44*f. Calculate z(1).
44
Let n(m) = m**2 + 7*m + 18. Calculate n(-3).
6
Let u(g) = 3*g**2 - 24*g + 6. Calculate u(7).
-15
Let n(i) = -4*i**2 + 174*i - 86. Calculate n(43).
0
Let n(z) = -23*z + 134. Give n(6).
-4
Let z(i) = i**3 - 7*i**2 - 2*i + 8. Determine z(7).
-6
Let v(y) = y**2 + 12*y + 3. Give v(-11).
-8
Let y(c) = c**3 - 8*c**2 + 5*c - 15. What is y(6)?
-57
Let s(w) = -w**2 + 18*w - 87. Calculate s(8).
-7
Let y(u) = 6*u - 1. What is y(-3)?
-19
Let v(m) = m + 10. What is v(0)?
10
Let u(h) = h**3 - 15*h**2 + 6*h - 17. What is u(15)?
73
Let c(z) = z**2 + 25*z + 57. What is c(-22)?
-9
Let q(i) = -4*i - 86. Calculate q(-11).
-42
Let t(m) = -4*m**3 + 9*m + 2. Calculate t(-4).
222
Let t(f) = f**3 - 5*f**2 - 14*f - 9. Give t(7).
-9
Let p(q) = -q**3 - 9*q**2 - 4*q + 5. What is p(-8)?
-27
Let s(q) = q + 12. Calculate s(-4).
8
Let n(q) = -2*q**2 - 9*q - 1. Give n(-4).
3
Let r(y) = -7*y**2 - 86*y - 25. Calculate r(-12).
-1
Let s(g) = 4*g - 5. Give s(-7).
-33
Let l(i) = 9*i + 9. Give l(-1).
0
Let h(l) = -l**3 - 8*l**2 + 9*l - 8. What is h(-9)?
-8
Let r(q) = -9*q. Calculate r(1).
-9
Let p(o) = o + 22. What is p(-16)?
6
Let j(y) = -y**3 + 7*y**2. Give j(7).
0
Let r(a) = a + 2. Give r(-1).
1
Let p(q) = -q**2 + 61*q - 329. Give p(55).
1
Let h(n) = -n**2 - 13*n + 61. What is h(-16)?
13
Let u(p) = 2*p**2 + 9*p + 18. Give u(-3).
9
Let r(u) = -6*u**3 + 2*u**2 - u. What is r(1)?
-5
Let i(j) = -j**2 + 9*j - 21. Give i(9).
-21
Let f(s) = s**3 + 4*s**2 - 8*s - 5. Determine f(-5).
10
Let f(a) = a**3 + 6*a**2 - 2*a - 5. Give f(-6).
7
Let t(w) = 9*w - 275. What is t(30)?
-5
Let k(m) = 3*m**3 + 21*m**2 + 5*m + 3. Give k(-6).
81
Let k(h) = 25*h**2 - 1. Calculate k(-1).
24
Let s(n) = 2*n**2 - 17*n - 9. Calculate s(16).
231
Let l(i) = -31*i - 18. Calculate l(-5).
137
Let g(o) = o**3 + o**2 + o - 21. Give g(0).
-21
Let o(j) = -j**3 - 7*j**2 + 12*j + 29. Determine o(-8).
-3
Let i(s) = s**3 - s**2 - 2*s + 8. Give i(5).
98
Let g(q) = q**2 + 16*q + 30. What is g(-13)?
-9
Let p(d) = -d + 5. Give p(9).
-4
Let k(m) = -2*m**3 - 6*m**2 - 15*m - 45. What is k(-4)?
47
Let p(y) = 13*y + 453. Give p(-34).
11
Let l(h) = -h**2 - 32*h - 151. What is l(-7)?
24
Let v(k) = -k**3 - 5*k**2 + 18*k + 3. Calculate v(-8).
51
Let q(j) = -j**3 + 8*j**2 + 3*j - 35. Calculate q(8).
-11
Let t(q) = -5*q**2 - 6*q - 4. Determine t(5).
-159
Let c(w) = w**3 - 11*w**2 + 9*w + 12. Give c(10).
2
Let x(p) = -p**3 - 12*p**2 + 25*p - 1. Determine x(2).
-7
Let k(m) = -5*m + 17. Calculate k(5).
-8
Let u(y) = y**3 + y**2 + 2. What is u(-2)?
-2
Let d(s) = -2*s - 2. Determine d(-1).
0
Let l(a) = -a**3 - 5*a**2 - 7*a - 8. Calculate l(-2).
-6
Let w(t) = -42*t + 13. Give w(-3).
139
Let t(o) = -o**3 + 9*o**2 - 7*o - 9. Give t(7).
40
Let w(m) = m**2 + 9*m - 29. Determine w(-12).
7
Let l(w) = w**2 - 9*w - 5. Calculate l(6).
-23
Let m(y) = -y**2 + 2*y + 7. Give m(-3).
-8
Let v(c) = -c - 50. Give v(7).
-57
Let h(p) = 8*p - 1. Calculate h(-6).
-49
Let m(i) = 5*i**3 + 3*i**2 - 1. What is m(-2)?
-29
Let n(r) = -4*r - 1. What is n(-6)?
23
Let y(v) = 5*v - 42. Determine y(8).
-2
Let w(o) = 19*o**2 - 2*o + 1. Give w(1).
18
Let r(c) = 3*c**2 + 2*c - 25. Calculate r(-8).
151
Let t(y) = 3*y**2 + 27*y - 49. What is t(-11)?
17
Let c(s) = s**3 + 20*s**2 - 8*s - 164. Give c(-20).
-4
Let s(p) = p**3 + 10*p**2 + 15*p. Calculate s(-6).
54
Let s(d) = d**3 + 7*d**2 - d + 11. Determine s(-7).
18
Let a(f) = f**2 - 25*f + 45. What is a(23)?
-1
Let u(b) = -b**3 + 7*b**2 - 7*b - 7. Calculate u(6).
-13
Let c(i) = 4*i**3 - 3*i**2 + 2. What is c(2)?
22
Let p(x) = x**2 + 4*x - 23. Give p(-7).
-2
Let q(c) = 3*c**3 + c**2. Determine q(-1).
-2
Let s(w) = -w**3 + 9*w**2 + 21*w - 7. Determine s(11).
-18
Let f(u) = -u**2 + u + 17. Calculate f(0).
17
Let v(m) = m**3 + 8*m**2 - 4*m - 27. What is v(-8)?
5
Let q(h) = h**3 - h**2. What is q(1)?
0
Let x(o) = o**3 - 8*o**2 - 8*o + 36. Wh